{"id":9608,"date":"2025-01-02T21:09:21","date_gmt":"2025-01-02T21:09:21","guid":{"rendered":"https:\/\/www.kalarelax.com\/web\/?page_id=9608"},"modified":"2025-01-02T21:09:26","modified_gmt":"2025-01-02T21:09:26","slug":"video-tiktok","status":"publish","type":"page","link":"https:\/\/www.kalarelax.com\/web\/video-tiktok\/","title":{"rendered":"Video Tiktok"},"content":{"rendered":"<div class=\"tiktok-videos\" style=\"display: grid; gap: 20px; grid-template-columns: repeat(3, 1fr);\"><div class=\"tiktok-video\" style=\"width: 100%; overflow: hidden;\"><div style=\"position: relative; padding-top: 230.78%; height: 0; overflow: hidden;\"><div style=\"position: absolute; top: 0; left: 0; width: 100%; height: 100%; overflow-y: auto; scrollbar-width: thin; -ms-overflow-style: none;\"><blockquote class=\"tiktok-embed\" cite=\"https:\/\/www.tiktok.com\/@kalarelax.oficial\/video\/7381507028621069574\" data-video-id=\"7381507028621069574\" data-embed-from=\"oembed\" style=\"max-width:605px; min-width:325px;\"> <section> <a target=\"_blank\" title=\"@kalarelax.oficial\" href=\"https:\/\/www.tiktok.com\/@kalarelax.oficial?refer=embed\">@kalarelax.oficial<\/a> <p><a title=\"compresa\" target=\"_blank\" href=\"https:\/\/www.tiktok.com\/tag\/compresa?refer=embed\">#compresa<\/a> <a title=\"compresadegel\" target=\"_blank\" href=\"https:\/\/www.tiktok.com\/tag\/compresadegel?refer=embed\">#compresadegel<\/a> <a title=\"rodilla\" target=\"_blank\" href=\"https:\/\/www.tiktok.com\/tag\/rodilla?refer=embed\">#rodilla<\/a> <a title=\"fisioterapia\" target=\"_blank\" href=\"https:\/\/www.tiktok.com\/tag\/fisioterapia?refer=embed\">#fisioterapia<\/a> <a title=\"ortop\u00e9dica\" target=\"_blank\" href=\"https:\/\/www.tiktok.com\/tag\/ortop%C3%A9dica?refer=embed\">#ortop\u00e9dica<\/a> <a title=\"institutodefisioterapia\" target=\"_blank\" href=\"https:\/\/www.tiktok.com\/tag\/institutodefisioterapia?refer=embed\">#institutodefisioterapia<\/a> <a title=\"deporte\" target=\"_blank\" href=\"https:\/\/www.tiktok.com\/tag\/deporte?refer=embed\">#deporte<\/a> <a title=\"gimnasio\" target=\"_blank\" href=\"https:\/\/www.tiktok.com\/tag\/gimnasio?refer=embed\">#gimnasio<\/a> <a title=\"productoperuano\" target=\"_blank\" href=\"https:\/\/www.tiktok.com\/tag\/productoperuano?refer=embed\">#productoperuano<\/a> <\/p> <a target=\"_blank\" title=\"\u266c sonido original - kalarelax.oficial\" href=\"https:\/\/www.tiktok.com\/music\/sonido-original-7381507050202286854?refer=embed\">\u266c sonido original &#8211; kalarelax.oficial<\/a> <\/section> <\/blockquote> <script async src=\"https:\/\/www.tiktok.com\/embed.js\"><\/script><\/div><\/div><\/div><div class=\"tiktok-video\" style=\"width: 100%; overflow: hidden;\"><div style=\"position: relative; padding-top: 230.78%; height: 0; overflow: hidden;\"><div style=\"position: absolute; top: 0; left: 0; width: 100%; height: 100%; overflow-y: auto; scrollbar-width: thin; -ms-overflow-style: none;\"><p>https:\/\/www.tiktok.com\/@kalarelax.oficial\/video\/7389618167359835397?is_from_webapp=1&#038;sender_device=pc&#038;web_id=7455369270622569989 <\/p>\n<\/div><\/div><\/div><div class=\"tiktok-video\" style=\"width: 100%; overflow: hidden;\"><div style=\"position: relative; padding-top: 230.78%; height: 0; overflow: hidden;\"><div style=\"position: absolute; top: 0; left: 0; width: 100%; height: 100%; overflow-y: auto; scrollbar-width: thin; -ms-overflow-style: none;\"><p>https:\/\/www.tiktok.com\/@kalarelax.oficial\/video\/7457976078640958725?is_from_webapp=1&#038;sender_device=pc&#038;web_id=7455369270622569989<\/p>\n<\/div><\/div><\/div><div class=\"tiktok-video\" style=\"width: 100%; overflow: hidden;\"><div style=\"position: relative; padding-top: 230.78%; height: 0; overflow: hidden;\"><div style=\"position: absolute; top: 0; left: 0; width: 100%; height: 100%; overflow-y: auto; scrollbar-width: thin; -ms-overflow-style: none;\"><p>https:\/\/www.tiktok.com\/@kalarelax.oficial\/video\/7377492853338934533?is_from_webapp=1&#038;sender_device=pc&#038;web_id=7455369270622569989<\/p>\n<\/div><\/div><\/div><div class=\"tiktok-video\" style=\"width: 100%; overflow: hidden;\"><div style=\"position: relative; padding-top: 230.78%; height: 0; overflow: hidden;\"><div style=\"position: absolute; top: 0; left: 0; width: 100%; height: 100%; overflow-y: auto; scrollbar-width: thin; -ms-overflow-style: none;\"><blockquote class=\"tiktok-embed\" cite=\"https:\/\/www.tiktok.com\/@kalarelax.oficial\/video\/7442751674004819255\" data-video-id=\"7442751674004819255\" style=\"max-width: 605px;min-width: 325px;\" >\n<section> <a target=\"_blank\" title=\"@kalarelax.oficial\" href=\"https:\/\/www.tiktok.com\/@kalarelax.oficial?refer=embed\">@kalarelax.oficial<\/a> COMPRESAS DE GEL ODONTOL\u00d3GICAS&#47;L\u00cdNEA EST\u00c9TICA  PERSONALIZADAS CON TU MARCA Env\u00edo a todo el Per\u00fa   970 431 228&#47;970 433 585  <a title=\"compresas\" target=\"_blank\" href=\"https:\/\/www.tiktok.com\/tag\/compresas?refer=embed\">#compresas<\/a> <a title=\"compresasdegel\" target=\"_blank\" href=\"https:\/\/www.tiktok.com\/tag\/compresasdegel?refer=embed\">#compresasdegel<\/a> <a title=\"odontologia\" target=\"_blank\" href=\"https:\/\/www.tiktok.com\/tag\/odontologia?refer=embed\">#odontologia<\/a> <a title=\"odontopediatria\" target=\"_blank\" href=\"https:\/\/www.tiktok.com\/tag\/odontopediatria?refer=embed\">#odontopediatria<\/a> <a title=\"odontologo\" target=\"_blank\" href=\"https:\/\/www.tiktok.com\/tag\/odontologo?refer=embed\">#odontologo<\/a> <a title=\"clinicadental\" target=\"_blank\" href=\"https:\/\/www.tiktok.com\/tag\/clinicadental?refer=embed\">#clinicadental<\/a> <a title=\"postoperatorio\" target=\"_blank\" href=\"https:\/\/www.tiktok.com\/tag\/postoperatorio?refer=embed\">#postoperatorio<\/a> <a title=\"clinicaestetica\" target=\"_blank\" href=\"https:\/\/www.tiktok.com\/tag\/clinicaestetica?refer=embed\">#clinicaestetica<\/a> <a title=\"botox\" target=\"_blank\" href=\"https:\/\/www.tiktok.com\/tag\/botox?refer=embed\">#botox<\/a> <a title=\"acidohialuronico\" target=\"_blank\" href=\"https:\/\/www.tiktok.com\/tag\/acidohialuronico?refer=embed\">#acidohialuronico<\/a> <a title=\"cirugiadeparpados\" target=\"_blank\" href=\"https:\/\/www.tiktok.com\/tag\/cirugiadeparpados?refer=embed\">#cirugiadeparpados<\/a> <a title=\"cirugiadeparpados\" target=\"_blank\" href=\"https:\/\/www.tiktok.com\/tag\/cirugiadeparpados?refer=embed\">#cirugiadeparpados<\/a> <a title=\"productoperuano\" target=\"_blank\" href=\"https:\/\/www.tiktok.com\/tag\/productoperuano?refer=embed\">#productoperuano<\/a> <a target=\"_blank\" title=\"\u266c APT. - ROS\u00c9 &#38; Bruno Mars\" href=\"https:\/\/www.tiktok.com\/music\/APT-7426810399384815632?refer=embed\">\u266c APT. &#8211; ROS\u00c9 &#38; Bruno Mars<\/a> <\/section>\n<\/blockquote>\n<p> <script async src=\"https:\/\/www.tiktok.com\/embed.js\"><\/script><\/p>\n<\/div><\/div><\/div><\/div>\n","protected":false},"excerpt":{"rendered":"","protected":false},"author":1,"featured_media":0,"parent":0,"menu_order":0,"comment_status":"closed","ping_status":"closed","template":"","meta":{"footnotes":""},"class_list":["post-9608","page","type-page","status-publish","hentry"],"_links":{"self":[{"href":"https:\/\/www.kalarelax.com\/web\/wp-json\/wp\/v2\/pages\/9608","targetHints":{"allow":["GET"]}}],"collection":[{"href":"https:\/\/www.kalarelax.com\/web\/wp-json\/wp\/v2\/pages"}],"about":[{"href":"https:\/\/www.kalarelax.com\/web\/wp-json\/wp\/v2\/types\/page"}],"author":[{"embeddable":true,"href":"https:\/\/www.kalarelax.com\/web\/wp-json\/wp\/v2\/users\/1"}],"replies":[{"embeddable":true,"href":"https:\/\/www.kalarelax.com\/web\/wp-json\/wp\/v2\/comments?post=9608"}],"version-history":[{"count":1,"href":"https:\/\/www.kalarelax.com\/web\/wp-json\/wp\/v2\/pages\/9608\/revisions"}],"predecessor-version":[{"id":9609,"href":"https:\/\/www.kalarelax.com\/web\/wp-json\/wp\/v2\/pages\/9608\/revisions\/9609"}],"wp:attachment":[{"href":"https:\/\/www.kalarelax.com\/web\/wp-json\/wp\/v2\/media?parent=9608"}],"curies":[{"name":"wp","href":"https:\/\/api.w.org\/{rel}","templated":true}]}}